 factor of 2576 and 144578?
322
Calculate the highest common divisor of 305681 and 478.
239
Calculate the highest common factor of 812 and 2800.
28
What is the highest common divisor of 213367 and 28?
7
Calculate the greatest common factor of 147 and 1407.
21
What is the highest common factor of 18 and 9894?
6
What is the highest common divisor of 654 and 3755922?
654
Calculate the highest common factor of 1472 and 660744.
184
Calculate the highest common divisor of 39951 and 36.
9
Calculate the highest common divisor of 92820 and 375.
15
What is the highest common divisor of 76 and 208924?
76
What is the highest common factor of 3315 and 148665?
255
Calculate the greatest common factor of 144 and 4598448.
48
Calculate the greatest common divisor of 536 and 6865624.
536
Calculate the greatest common factor of 194481 and 882.
441
What is the highest common divisor of 8 and 306616?
8
Calculate the greatest common factor of 2436 and 4775169.
609
Calculate the highest common divisor of 7 and 11725.
7
What is the greatest common factor of 54 and 240165?
27
What is the greatest common divisor of 450687 and 153?
51
What is the highest common divisor of 3848 and 261092?
52
Calculate the highest common factor of 855 and 330.
15
Calculate the greatest common factor of 487121 and 41.
41
Calculate the highest common divisor of 3642188 and 46.
46
What is the highest common divisor of 54 and 51822?
18
What is the highest common factor of 130 and 765752?
26
What is the highest common factor of 240679 and 8931?
229
What is the greatest common factor of 881170 and 20?
10
Calculate the highest common factor of 270 and 135612.
18
Calculate the greatest common factor of 9 and 2327499.
9
What is the greatest common factor of 205760 and 260?
20
What is the highest common divisor of 6426 and 924?
42
What is the highest common factor of 222464 and 11?
11
What is the greatest common divisor of 248 and 1201932?
124
Calculate the highest common factor of 99050 and 14.
14
What is the highest common divisor of 771 and 15?
3
Calculate the greatest common divisor of 4939 and 891.
11
What is the highest common factor of 426 and 749618?
142
What is the highest common divisor of 3007439 and 482?
241
Calculate the greatest common divisor of 160 and 18080.
160
Calculate the greatest common factor of 2184 and 22074.
78
What is the highest common factor of 4658 and 11356?
34
Calculate the highest common factor of 117410 and 11210.
590
Calculate the highest common divisor of 228 and 62852.
76
Calculate the highest common factor of 2694 and 84.
6
What is the greatest common divisor of 824 and 2376?
8
What is the highest common divisor of 32934 and 1188?
66
Calculate the highest common factor of 442 and 1419041.
221
What is the highest common divisor of 1672 and 58388?
44
Calculate the highest common factor of 355 and 3.
1
Calculate the highest common divisor of 8151 and 275.
11
Calculate the highest common divisor of 3916 and 2783.
11
Calculate the greatest common divisor of 207452 and 5736.
956
Calculate the highest common factor of 13588 and 21962.
158
What is the greatest common factor of 166370 and 20?
10
What is the greatest common divisor of 906375 and 375?
375
What is the greatest common divisor of 64 and 709?
1
What is the highest common factor of 37302 and 39?
3
What is the greatest common factor of 2186220 and 3735?
1245
Calculate the greatest common divisor of 2210 and 4160.
130
What is the greatest common factor of 11305 and 1558?
19
What is the greatest common factor of 38703 and 1596?
399
What is the highest common divisor of 6 and 62878?
2
What is the highest common divisor of 288 and 36920?
8
What is the greatest common divisor of 1155450 and 300?
150
What is the greatest common factor of 30 and 76710?
30
What is the highest common divisor of 1485 and 198880?
55
What is the highest common divisor of 322 and 60490?
46
What is the greatest common factor of 4676840 and 280?
280
Calculate the greatest common divisor of 367639 and 16978.
653
What is the greatest common divisor of 414621 and 4006?
2003
What is the greatest common divisor of 128 and 617536?
64
What is the highest common factor of 1448 and 472?
8
Calculate the highest common factor of 13609 and 702839.
439
Calculate the highest common divisor of 11316 and 3854.
82
Calculate the highest common factor of 1806 and 42210.
42
What is the highest common factor of 227855 and 458?
229
Calculate the highest common divisor of 6076 and 239218.
98
What is the greatest common divisor of 44405 and 1660?
415
Calculate the highest common divisor of 2295889 and 134.
67
What is the highest common divisor of 414120 and 364?
28
Calculate the highest common divisor of 545177 and 287.
41
What is the greatest common divisor of 172 and 211732?
172
Calculate the highest common factor of 1250 and 122.
2
What is the greatest common factor of 85019 and 1965?
131
What is the greatest common divisor of 2244 and 94911?
51
What is the highest common divisor of 3125 and 275?
25
Calculate the greatest common divisor of 59856 and 304.
16
Calculate the greatest common factor of 15 and 9984.
3
What is the greatest common factor of 72 and 73320?
24
What is the highest common factor of 2910 and 570?
30
What is the greatest common divisor of 117793 and 2788?
697
Calculate the highest common factor of 1491 and 306081.
213
Calculate the highest common divisor of 77 and 240163.
77
Calculate the highest common factor of 184 and 565892.
92
What is the greatest common factor of 98 and 278614?
98
What is the highest common divisor of 2212 and 32088?
28
What is the greatest common divisor of 29184 and 1444?
76
Calculate the highest common divisor of 514776 and 482.
482
What is the highest common divisor of 137390 and 360?
10
What is the greatest common divisor of 140 and 6540?
20
What is the greatest common factor of 789379 and 197?
197
Calculate the highest common factor of 2935008 and 60.
12
What is the highest common factor of 399 and 3297?
21
Calculate the greatest common divisor of 29361 and 6.
3
Calculate the greatest common factor of 23127 and 4563.
39
What is the highest common factor of 18186 and 2058?
42
What is the highest common factor of 33 and 91267?
11
What is the highest common factor of 3 and 1763?
1
Calculate the highest common factor of 9 and 25119.
9
What is the greatest common factor of 662860 and 340?
20
What is the highest common factor of 7581 and 336?
21
What is the greatest common factor of 125467 and 37?
37
Calculate the highest common factor of 113042 and 406.
58
What is the greatest common factor of 119740 and 50?
10
Calculate the greatest common factor of 256 and 17606.
2
Calculate the highest common factor of 384 and 474.
6
What is the highest common divisor of 186735 and 255?
15
Calculate the highest common divisor of 998706 and 966.
138
What is the greatest common divisor of 315448 and 4472?
344
What is the greatest common divisor of 22 and 5313?
11
What is the highest common divisor of 518 and 5476?
74
Calculate the greatest common factor of 12498 and 18.
6
Calculate the greatest common factor of 13660 and 290.
10
What is the greatest common divisor of 323560 and 40?
40
What is the highest common factor of 73820 and 7120?
20
What is the highest common divisor of 547604 and 68?
68
Calculate the greatest common divisor of 3011837 and 259.
37
Calculate the greatest common factor of 474426 and 144.
18
Calculate the greatest common divisor of 260 and 33488.
52
What is the highest common divisor of 26352 and 2440?
488
Calculate the highest common factor of 18228 and 784.
196
Calculate the greatest common factor of 12 and 126386.
2
What is the highest common factor of 111 and 207681?
111
What is the greatest common factor of 1656 and 18423?
207
What is the highest common factor of 4393909 and 403?
403
What is the greatest common factor of 22830 and 270?
30
What is the greatest common factor of 1200 and 21050?
50
Calculate the greatest common factor of 13086 and 963.
9
Calculate the highest common divisor of 117987 and 402.
201
What is the greatest common factor of 16 and 22163?
1
Calculate the greatest common factor of 85314 and 6549.
177
Calculate the greatest common divisor of 71478 and 990.
198
Calculate the highest comm